{"thumbnail":"https:\/\/esmaka.com\/media\/esmaka_medios\/videos\/1742\/739df3136eaab2c58e028d00827e56ac.jpg","title":"La pol\u00edtica detr\u00e1s de la gesti\u00f3n del Covid","html":"<div class=\"es-video-player\">\n\t<div class=\"es-viewport\">\n\t\t<video id=\"video-6a988348e047d\" class=\"video-js vjs-default-skin vjs-big-play-centered\" width=\"100%\" height=\"100%\" preload=\"none\" data-id=\"1742\">\n\t\t\t<source type=\"video\/mp4\" src=\"https:\/\/esmaka.com\/media\/esmaka_medios\/videos\/1742\/3b4215f1.mp4\" \/>\n\t\t<\/video>\n\t<\/div>\n<\/div>","embedUrl":"https:\/\/esmaka.com\/index.php?option=com_easysocial&view=videos&id=1742:la-politica-detras-de-la-gestion-del-covid&layout=item&uid=8:novamatrix&type=group&Itemid=1092&format=embed","type":"video","duration":"123"}

La política detrás de la gestión del Covid
