{"thumbnail":"https:\/\/esmaka.com\/media\/esmaka_medios\/videos\/2714\/704b27084030f0e97ce3ce3e5953e9e5.jpg","title":"MALA \u00c9POCA PARA SER VAR\u00d3N (En el D\u00eda Internacional del hombre)","html":"<iframe width=\"1280\" height=\"720\" src=\"https:\/\/www.youtube-nocookie.com\/embed\/CjIKm5rN1mc?feature=oembed&rel=0\" frameborder=\"0\" allowfullscreen><\/iframe>","embedUrl":"https:\/\/esmaka.com\/index.php?option=com_easysocial&view=videos&id=2714:mala-epoca-para-ser-varon-en-el-dia-internacional-del-hombre&layout=item&uid=4:anonymous-freedom-aware&type=group&Itemid=1091&format=embed","type":"video","duration":""}

MALA ÉPOCA PARA SER VARÓN (En el Día Internacional del hombre)
