{"thumbnail":"https:\/\/esmaka.com\/media\/esmaka_medios\/videos\/6622\/1d1e2b6fe228ddef70c95299be62f692.jpg","title":"Presidente finland\u00e9s afirm\u00f3 que se investiga la causa del da\u00f1o al cable submarino","html":"<iframe width=\"1280\" height=\"720\" src=\"https:\/\/www.youtube-nocookie.com\/embed\/Ngw_WRWs4rs?feature=oembed&rel=0\" frameborder=\"0\" allowfullscreen><\/iframe>","embedUrl":"https:\/\/esmaka.com\/index.php?option=com_easysocial&view=videos&id=6622:presidente-finlandes-afirmo-que-se-investiga-la-causa-del-dano-al-cable-submarino&layout=item&uid=4:anonymous-freedom-aware&type=group&Itemid=1091&format=embed","type":"video","duration":"103"}

Presidente finlandés afirmó que se investiga la causa del daño al cable submarino
