{"thumbnail":"https:\/\/esmaka.com\/media\/esmaka_medios\/videos\/2293\/8a816c7507f912d323d34911c5f7222b.jpg","title":"LA PRESIDENTA DE LA COMISI\u00d3N EST\u00c1 PLANTEANDO LA VACUNACI\u00d3N OBLIGATORIA en toda la Uni\u00f3n Europea.","html":"<div class=\"es-video-player\">\n\t<div class=\"es-viewport\">\n\t\t<video id=\"video-6a9876028e250\" class=\"video-js vjs-default-skin vjs-big-play-centered\" width=\"100%\" height=\"100%\" preload=\"none\" data-id=\"2293\">\n\t\t\t<source type=\"video\/mp4\" src=\"https:\/\/esmaka.com\/media\/esmaka_medios\/videos\/2293\/98e6c6b.mp4\" \/>\n\t\t<\/video>\n\t<\/div>\n<\/div>","embedUrl":"https:\/\/esmaka.com\/index.php?option=com_easysocial&view=videos&id=2293:la-presidenta-de-la-comision-esta-planteando-la-vacunacion-obligatoria-en-toda-la-union-europea&layout=item&uid=8:novamatrix&type=group&Itemid=1091&format=embed","type":"video","duration":"53"}

LA PRESIDENTA DE LA COMISIÓN ESTÁ PLANTEANDO LA VACUNACIÓN OBLIGATORIA en toda la Unión Europea.
